[INFO] cloning repository https://github.com/nobmurakita/antifriction_trackpad
[INFO] running `Command { std: "git" "-c" "credential.helper=" "-c" "credential.helper=/workspace/cargo-home/bin/git-credential-null" "clone" "--bare" "https://github.com/nobmurakita/antifriction_trackpad" "/workspace/cache/git-repos/https%3A%2F%2Fgithub.com%2Fnobmurakita%2Fantifriction_trackpad", kill_on_drop: false }`
[INFO] [stderr] Cloning into bare repository '/workspace/cache/git-repos/https%3A%2F%2Fgithub.com%2Fnobmurakita%2Fantifriction_trackpad'...
[INFO] running `Command { std: "git" "rev-parse" "HEAD", kill_on_drop: false }`
[INFO] [stdout] 7f2e84c1cf4a2190dbeaa5bc9e72feb29249c184
[INFO] checking nobmurakita/antifriction_trackpad against master#cfbc6d4cf1acbac5c025acf8ed68929caa551df3 for pr-75494-beta
[INFO] running `Command { std: "git" "clone" "/workspace/cache/git-repos/https%3A%2F%2Fgithub.com%2Fnobmurakita%2Fantifriction_trackpad" "/workspace/builds/worker-2/source", kill_on_drop: false }`
[INFO] [stderr] Cloning into '/workspace/builds/worker-2/source'...
[INFO] [stderr] done.
[INFO] validating manifest of git repo https://github.com/nobmurakita/antifriction_trackpad on toolchain cfbc6d4cf1acbac5c025acf8ed68929caa551df3
[INFO] running `Command { std: "/workspace/cargo-home/bin/cargo" "+cfbc6d4cf1acbac5c025acf8ed68929caa551df3" "read-manifest" "--manifest-path" "Cargo.toml", kill_on_drop: false }`
[INFO] started tweaking git repo https://github.com/nobmurakita/antifriction_trackpad
[INFO] finished tweaking git repo https://github.com/nobmurakita/antifriction_trackpad
[INFO] tweaked toml for git repo https://github.com/nobmurakita/antifriction_trackpad written to /workspace/builds/worker-2/source/Cargo.toml
[INFO] crate git repo https://github.com/nobmurakita/antifriction_trackpad already has a lockfile, it will not be regenerated
[INFO] running `Command { std: "/workspace/cargo-home/bin/cargo" "+cfbc6d4cf1acbac5c025acf8ed68929caa551df3" "fetch" "--locked" "--manifest-path" "Cargo.toml", kill_on_drop: false }`
[INFO] [stderr]     Blocking waiting for file lock on package cache
[INFO] [stderr]  Downloading crates ...
[INFO] [stderr]   Downloaded ctrlc v3.1.4
[INFO] running `Command { std: "docker" "create" "-v" "/var/lib/crater-agent-workspace/builds/worker-2/target:/opt/rustwide/target:rw,Z" "-v" "/var/lib/crater-agent-workspace/builds/worker-2/source:/opt/rustwide/workdir:ro,Z" "-v" "/var/lib/crater-agent-workspace/cargo-home:/opt/rustwide/cargo-home:ro,Z" "-v" "/var/lib/crater-agent-workspace/rustup-home:/opt/rustwide/rustup-home:ro,Z" "-e" "SOURCE_DIR=/opt/rustwide/workdir" "-e" "CARGO_TARGET_DIR=/opt/rustwide/target" "-e" "CARGO_HOME=/opt/rustwide/cargo-home" "-e" "RUSTUP_HOME=/opt/rustwide/rustup-home" "-w" "/opt/rustwide/workdir" "-m" "1610612736" "--user" "0:0" "--network" "none" "rustops/crates-build-env@sha256:a636fd89d022f18117e1dc8fb37a0a009933cdbbe082814857f0e2024962d47c" "/opt/rustwide/cargo-home/bin/cargo" "+cfbc6d4cf1acbac5c025acf8ed68929caa551df3" "metadata" "--no-deps" "--format-version=1", kill_on_drop: false }`
[INFO] [stdout] 4afd862fb58fa8e0b8692e5d3011f420700dfafa69ffe9af362699f22e462a32
[INFO] [stderr] WARNING: Your kernel does not support swap limit capabilities or the cgroup is not mounted. Memory limited without swap.
[INFO] running `Command { std: "docker" "start" "-a" "4afd862fb58fa8e0b8692e5d3011f420700dfafa69ffe9af362699f22e462a32", kill_on_drop: false }`
[INFO] running `Command { std: "docker" "inspect" "4afd862fb58fa8e0b8692e5d3011f420700dfafa69ffe9af362699f22e462a32", kill_on_drop: false }`
[INFO] running `Command { std: "docker" "rm" "-f" "4afd862fb58fa8e0b8692e5d3011f420700dfafa69ffe9af362699f22e462a32", kill_on_drop: false }`
[INFO] [stdout] 4afd862fb58fa8e0b8692e5d3011f420700dfafa69ffe9af362699f22e462a32
[INFO] running `Command { std: "docker" "create" "-v" "/var/lib/crater-agent-workspace/builds/worker-2/target:/opt/rustwide/target:rw,Z" "-v" "/var/lib/crater-agent-workspace/builds/worker-2/source:/opt/rustwide/workdir:ro,Z" "-v" "/var/lib/crater-agent-workspace/cargo-home:/opt/rustwide/cargo-home:ro,Z" "-v" "/var/lib/crater-agent-workspace/rustup-home:/opt/rustwide/rustup-home:ro,Z" "-e" "SOURCE_DIR=/opt/rustwide/workdir" "-e" "CARGO_TARGET_DIR=/opt/rustwide/target" "-e" "CARGO_INCREMENTAL=0" "-e" "RUST_BACKTRACE=full" "-e" "RUSTFLAGS=--cap-lints=forbid" "-e" "CARGO_HOME=/opt/rustwide/cargo-home" "-e" "RUSTUP_HOME=/opt/rustwide/rustup-home" "-w" "/opt/rustwide/workdir" "-m" "1610612736" "--user" "0:0" "--network" "none" "rustops/crates-build-env@sha256:a636fd89d022f18117e1dc8fb37a0a009933cdbbe082814857f0e2024962d47c" "/opt/rustwide/cargo-home/bin/cargo" "+cfbc6d4cf1acbac5c025acf8ed68929caa551df3" "check" "--frozen" "--all" "--all-targets" "--message-format=json", kill_on_drop: false }`
[INFO] [stdout] 505df14a42fe567e6a75eaf8ea0edf951803a4557f470bde67954f4a0c8afee0
[INFO] [stderr] WARNING: Your kernel does not support swap limit capabilities or the cgroup is not mounted. Memory limited without swap.
[INFO] running `Command { std: "docker" "start" "-a" "505df14a42fe567e6a75eaf8ea0edf951803a4557f470bde67954f4a0c8afee0", kill_on_drop: false }`
[INFO] [stderr]     Blocking waiting for file lock on package cache
[INFO] [stderr]    Compiling libc v0.2.67
[INFO] [stderr]    Compiling bitflags v1.2.1
[INFO] [stderr]     Checking cfg-if v0.1.10
[INFO] [stderr]    Compiling antifriction_trackpad v0.1.0 (/opt/rustwide/workdir)
[INFO] [stderr]     Checking nix v0.17.0
[INFO] [stderr]     Checking ctrlc v3.1.4
[INFO] [stdout] error[E0455]: native frameworks are only available on macOS targets
[INFO] [stdout]  --> src/framework/core_foundation.rs:8:1
[INFO] [stdout]   |
[INFO] [stdout] 8 | #[link(name = "CoreFoundation", kind = "framework")]
[INFO] [stdout]   | ^^^^^^^^^^^^^^^^^^^^^^^^^^^^^^^^^^^^^^^^^^^^^^^^^^^^
[INFO] [stdout] 
[INFO] [stdout] 
[INFO] [stdout] error[E0455]: native frameworks are only available on macOS targets
[INFO] [stdout]   --> src/framework/core_graphics.rs:21:1
[INFO] [stdout]    |
[INFO] [stdout] 21 | #[link(name = "CoreGraphics", kind = "framework")]
[INFO] [stdout]    | ^^^^^^^^^^^^^^^^^^^^^^^^^^^^^^^^^^^^^^^^^^^^^^^^^^
[INFO] [stdout] 
[INFO] [stdout] 
[INFO] [stdout] error[E0455]: native frameworks are only available on macOS targets
[INFO] [stdout]   --> src/framework/multitouch_support.rs:46:1
[INFO] [stdout]    |
[INFO] [stdout] 46 | #[link(name = "MultitouchSupport", kind = "framework")]
[INFO] [stdout]    | ^^^^^^^^^^^^^^^^^^^^^^^^^^^^^^^^^^^^^^^^^^^^^^^^^^^^^^^
[INFO] [stdout] 
[INFO] [stdout] 
[INFO] [stdout] error: aborting due to 3 previous errors
[INFO] [stdout] 
[INFO] [stdout] 
[INFO] [stdout] For more information about this error, try `rustc --explain E0455`.
[INFO] [stdout] 
[INFO] [stderr] error: could not compile `antifriction_trackpad`.
[INFO] [stderr] 
[INFO] [stderr] To learn more, run the command again with --verbose.
[INFO] [stderr] warning: build failed, waiting for other jobs to finish...
[INFO] [stdout] error[E0455]: native frameworks are only available on macOS targets
[INFO] [stdout]  --> src/framework/core_foundation.rs:8:1
[INFO] [stdout]   |
[INFO] [stdout] 8 | #[link(name = "CoreFoundation", kind = "framework")]
[INFO] [stdout]   | ^^^^^^^^^^^^^^^^^^^^^^^^^^^^^^^^^^^^^^^^^^^^^^^^^^^^
[INFO] [stdout] 
[INFO] [stdout] 
[INFO] [stdout] error[E0455]: native frameworks are only available on macOS targets
[INFO] [stdout]   --> src/framework/core_graphics.rs:21:1
[INFO] [stdout]    |
[INFO] [stdout] 21 | #[link(name = "CoreGraphics", kind = "framework")]
[INFO] [stdout]    | ^^^^^^^^^^^^^^^^^^^^^^^^^^^^^^^^^^^^^^^^^^^^^^^^^^
[INFO] [stdout] 
[INFO] [stdout] 
[INFO] [stdout] error[E0455]: native frameworks are only available on macOS targets
[INFO] [stdout]   --> src/framework/multitouch_support.rs:46:1
[INFO] [stdout]    |
[INFO] [stdout] 46 | #[link(name = "MultitouchSupport", kind = "framework")]
[INFO] [stdout]    | ^^^^^^^^^^^^^^^^^^^^^^^^^^^^^^^^^^^^^^^^^^^^^^^^^^^^^^^
[INFO] [stdout] 
[INFO] [stdout] 
[INFO] [stdout] error: aborting due to 3 previous errors
[INFO] [stdout] 
[INFO] [stdout] 
[INFO] [stdout] For more information about this error, try `rustc --explain E0455`.
[INFO] [stdout] 
[INFO] [stderr] error: build failed
[INFO] running `Command { std: "docker" "inspect" "505df14a42fe567e6a75eaf8ea0edf951803a4557f470bde67954f4a0c8afee0", kill_on_drop: false }`
[INFO] running `Command { std: "docker" "rm" "-f" "505df14a42fe567e6a75eaf8ea0edf951803a4557f470bde67954f4a0c8afee0", kill_on_drop: false }`
[INFO] [stdout] 505df14a42fe567e6a75eaf8ea0edf951803a4557f470bde67954f4a0c8afee0
